= -3 - b**2 + 3 - 6 + 3*b**2 + 2*b - 5*b. Determine k(-4).
38
Let f(o) = -o**3 + 13*o**2 + 4. Let a = 21 - 8. Let y be f(a). Let z(q) = y*q + 2*q + 0*q + 1. Calculate z(1).
7
Let h = 463 - 453. Let q(o) = -o + 1. Give q(h).
-9
Let t(x) = -x**3 - 5*x**2 + 8*x + 14. Let l be t(-6). Let b(o) = 2*o**2 - 5*o + 4. Let z be b(l). Let v(r) = r**2 + 0*r**z - 5*r + 5 - 11. What is v(6)?
0
Let t(f) be the third derivative of -f**4/24 + f**3/2 - 552*f**2. Let y = -4 - -3. Let s be (0 - 0/y)/2. What is t(s)?
3
Suppose 0 = -2*b + 3*b - 33. Suppose 3*l - b = -2*t - 5, -36 = -4*l - 4*t. Suppose 35 = 5*y + l. Let c(g) = g**2 - 5*g + 2. What is c(y)?
2
Let l(a) = -6*a + 16*a - 22 - 11*a - 2*a**2 + 17. What is l(0)?
-5
Let l(m) = -5*m + 0*m - m - 11*m**2 + 3*m**3 + 10 - 4*m**3 + 7*m. Give l(-11).
-1
Let m(h) = -6*h + 1. Let f(z) = 6*z - 1. Let r(p) = 3*f(p) + 2*m(p). Calculate r(1).
5
Let o(w) = w + 3. Suppose 2 - 68 = 2*y. Let g = 36 + y. Suppose 2*t - 6 = g*t. What is o(t)?
-3
Suppose 5*r = -5*k - 15, -5*k + 2*r = -2*k - 16. Let q(c) = -8*c**3 + 4 - 5*c**2 + 19*c**3 - c - 10*c**3 + k*c. What is q(3)?
-11
Let m(d) = -d - 6. Let l be (-795)/10*4/(-6). Let f = -58 + l. Calculate m(f).
-1
Let j(t) = -t**2 - t + 1. Let g(a) = 15*a**3 - 2*a**2 + 1. Let m(u) = g(u) - j(u). Let h = 15 - 13. Suppose 2*k - 4*k = -h. Give m(k).
15
Let l = 8 + -6. Suppose -5*u - 23 + 88 = 0. Let b(c) = 4*c + 4 + 1 - u + 6. What is b(l)?
6
Let b(z) = -z**2 - 7*z - 4. Let p be b(-6). Let r(v) = 0*v + v - 2*v + p*v - 2. Determine r(6).
4
Let t(v) = 6*v**2 - 15*v + 30. Let w(s) = -7*s**2 + 14*s - 31. Let k(c) = -6*t(c) - 5*w(c). What is k(19)?
-6
Let z(b) = -b**3 - 13*b - 4. Let x(q) = 2*q**3 - q**2 + 27*q + 8. Suppose -5*r + p + 61 = 0, -3*r + r + 22 = -p. Let h(c) = r*z(c) + 6*x(c). Give h(-4).
-8
Suppose -4*x - 3*j + 61 = 0, -2*x - 4*j + 31 - 3 = 0. Let g be 1/(-8) - (-18)/x. Let i(v) be the second derivative of -v**3/6 + 3*v. Determine i(g).
-1
Let y(d) = d**3 - 7*d**2 - 10*d + 4. Let i = -34 + 42. Give y(i).
-12
Let h(t) = 2 - 6 + 3 - 2*t. Suppose 48 + 3 = 3*z. Suppose -19 = 2*l - z. Determine h(l).
1
Let q = -2276 + 2280. Let s(n) = 0*n + 4*n - n**2 - 2 + 0. Give s(q).
-2
Let o(w) = 4*w + 11. Let x(n) = 3*n + 10. Suppose -5*l - 14 = 3*t, -2*l + 6*l + 5*t + 6 = 0. Let a(g) = l*o(g) + 5*x(g). Calculate a(8).
-2
Let v(x) = -8*x**3 + 7*x**2 + 2*x + 4. Let u(g) = -15*g**3 + 12*g**2 + 4*g + 7. Let s(m) = 3*u(m) - 5*v(m). Calculate s(-1).
5
Let h = -1 + -3. Let k(d) = 17*d - d**2 + d + 2 - 1 - 22*d. Give k(h).
1
Let g(j) = 2*j + 0*j + 2*j - j**2 + 5. Let p be 6/(-3)*(-1)/(4/10). What is g(p)?
0
Suppose 2 = 2*j - 4. Let m(g) be the second derivative of g**5/20 - g**4/4 + 2*g**2 - 3*g. What is m(j)?
4
Suppose -n + 17 = 4*z, 28*n - 32*n = -2*z - 68. Let j(s) = -s**3 + 16*s**2 + 17*s + 18. What is j(n)?
18
Suppose 4*j = b - 0 - 1, 5*b + 3*j - 28 = 0. Let n(r) = -6*r + 40*r - 8*r - 13*r - 10*r - 5. What is n(b)?
10
Let l be 0 + (-3)/(-1) - 0. Let d = 1 + l. Suppose 4*a = 8, -a - 18 + 0 = d*n. Let b(s) = s**3 + 5*s**2 - 2*s - 5. What is b(n)?
5
Let p be (-130)/(-50) + 3/(-5). Let f(j) = 2*j - 4*j**2 - 2 - j**3 - p*j**2 - 5 - 9*j. What is f(-5)?
3
Let a(y) be the first derivative of 1 + 1/3*y**3 + 0*y - 5/2*y**2. Give a(3).
-6
Suppose 0 = 2*l - 6, -4*z + z = 5*l + 6. Let r(h) = h**2 + 7*h - 3. What is r(z)?
-3
Suppose 0 = -5*o - 4*u + 26, -5*o - 3*u - 3 = -25. Let v(l) be the first derivative of -l**2 + 3*l - 9. What is v(o)?
-1
Let g(c) be the first derivative of c**3/3 + 7*c**2 + 3*c - 37. What is g(-14)?
3
Let k(f) = -14 - 3*f**2 - 15 - f**3 + 225*f + 28 - 227*f. Let o(z) = z**2 - 5*z + 3. Let d be o(3). Give k(d).
5
Suppose 0 = 42*w - 46*w - 40. Let v(g) = -g - 17. What is v(w)?
-7
Let q(i) = 92*i + 6. Let l(k) = 17*k. Let y(u) = -5*l(u) + q(u). What is y(-4)?
-22
Let q be 26/6 - (-2)/(-6). Let p(y) = -4*y - 6. Let i be p(-2). Suppose -10 = -4*m + z, 3*m = i*m + q*z - 5. Let f(w) = w**3 - 4*w**2 + 5*w - 4. Calculate f(m).
2
Let y(m) = m**2 - 6*m - 7. Suppose -4*o = 5*t + 461, -5*t - 4*o - 433 = -7*o. Let r = 94 + t. What is y(r)?
-12
Let d(j) = 2*j + 3. Let s be d(-3). Let w(b) = -b**3 - 11*b**2 + 3*b - 7. Let q(i) = i**3 + 12*i**2 - 2*i + 8. Let r(x) = s*q(x) - 4*w(x). Calculate r(-9).
-23
Let m(h) = -8*h - 11244*h**2 + 5623*h**2 - 1 + 5620*h**2 + 17*h. Suppose -27 = -0*f - 3*f. Give m(f).
-1
Let d(u) = u**2 - 6*u + 8. Let b = -17 - 11. Let p be b/(-3) + (-4)/12. Let m be -6*(-6)/p - -2. What is d(m)?
8
Let w(d) = 3*d - 4. Let h(u) = u + 4. Let m(v) = 6*h(v) - w(v). What is m(-11)?
-5
Suppose 48*y - 43*y + 45 = 0. Let q(f) = -2*f - 3. Give q(y).
15
Let c = 86 + -33. Let s(w) = 2*w**2 - 3 - 10*w**2 - c*w**3 + 54*w**3 - 9*w. What is s(9)?
-3
Let w(k) = -3*k + 38. Let l = -1817 + 1830. Give w(l).
-1
Let m(w) = -3 - 145*w + 143*w - 2. Let q be ((-5)/10)/((-2)/80). Suppose 6*s + q = 2*s. What is m(s)?
5
Let n be (-1 - (-3)/3)/(1 - 2). Let r(u) = u**2 - 5. What is r(n)?
-5
Suppose -6*i - 73 + 49 = 0. Let w(j) be the second derivative of -j**5/20 - j**4/4 + 5*j**3/6 + 5*j**2/2 + j. Calculate w(i).
1
Let n be ((-3)/2)/((-5)/50). Suppose n = -0*t - 5*t. Let r(f) = -3 - 2 + 0*f + 3 - f. Give r(t).
1
Let i(j) = -3*j. Let a = -616 - -607. Determine i(a).
27
Let c(x) = -x + 2*x + 0*x. Let w = -110 + 164. Let h = w + -57. Give c(h).
-3
Let m(l) = -636*l + 31 - 18*l**2 - l**3 + 302*l + 319*l. Let p be m(-17). Let v(i) = i**2 - 3. Calculate v(p).
6
Let i(j) = j**2 + 4*j + 6. Let h = 561 + -566. Determine i(h).
11
Let u(x) = -x + 4*x - 3*x + 3*x + 4 - 4*x - x**2. Calculate u(-3).
-2
Let r be (2 - (-212)/28) + 12/28. Let d(y) = -22 + 13 + 2*y + r + 18*y**2. Give d(-1).
17
Suppose 5*h - 2*m + 36 = 0, -5*h = 5*m + 9 + 6. Let n(o) = -7*o**2 - 7*o - 7. Let c(f) = 16*f**2 + 14*f + 16. Let g(l) = 3*c(l) + 7*n(l). Give g(h).
5
Suppose 4*v + 2*b = 542, -2*v - 3*b + 4*b + 273 = 0. Let i = v - 133. Let k(n) = -3*n + 2. What is k(i)?
-7
Let u be 320/35 - (-15)/(-105). Let o(c) = -2*c + 2. Give o(u).
-16
Let b(y) = -10 - 9 - 2*y - 5 + 37 - 3. What is b(3)?
4
Let j(f) = 9*f**3 - f - 1. Let y be j(-1). Let b = 11 + y. Suppose 0 = -b*p - 4 - 2. Let h(x) = x**2 - 3. Determine h(p).
6
Let h(s) = s**2 + 2*s + 1. Let k be ((-40)/50)/((-12)/(-30)). Give h(k).
1
Let s(r) = r**2 + 2*r - 1. Let n(y) = -11*y**3 - 7*y**2 - 10*y + 5. Let f(v) = n(v) + 6*s(v). What is f(1)?
-11
Suppose -6*x - 1 = 5. Let s(y) = 6*y**3 + 2*y**2 + y. What is s(x)?
-5
Let y(k) = -k + 5. Let v(p) = 3*p - 10. Let m be v(5). Suppose m*s + 3*c = 23, c + 10 + 5 = 4*s. Determine y(s).
1
Let f = 24 - 6. Let n = f + -17. Let d(u) = -32*u**2 + 11*u - 11. Let k(z) = 21*z**2 - 7*z + 7. Let c(p) = 5*d(p) + 8*k(p). Determine c(n).
8
Let c(m) = m**2 + m. Let h(w) = -w**3 + 3*w**2 + 10*w + 3. Let k = 0 + -1. Let v(d) = k*h(d) + 5*c(d). Let x = 3901 + -3904. Determine v(x).
3
Let v(y) = -y**3 + 7*y**2 - 5. Suppose -3*g - 5*i + 26 = 0, 2*g - 22 = -4*i - 4. Give v(g).
-5
Let y be (19 + 776/(-40))*(-15)/2. Let c(t) be the second derivative of -1/2*t**2 + 0 + 7/6*t**y - 3*t. Calculate c(2).
13
Let j(t) = 5*t**2 - 4*t - 1. Let l(q) = -6*q**2 + 4*q + 2. Let o(i) = 5*j(i) + 4*l(i). Suppose 3*s + 10 = -68. Let g be 2/(-3) + s/(-3) + -4. Give o(g).
3
Let q = 37 - 35. Suppose v - 24 = -q*v. Let j(n) = -n**2 + 7*n + 3. What is j(v)?
-5
Let j be -1 + 1 + (-4)/(-3 - -7). Let r(m) = -2*m - 1. Let i(k) = k. Let c(s) = j*r(s) + i(s). What is c(2)?
7
Suppose -2*j - 3*t = -0*j - 14, -5*j + 35 = -5*t. Let o be 2*(3 - j/2)*-5. Let f(n) = n**3 - 4*n**2 - 7*n + 4. Give f(o).
-6
Let a(h) = -h**3 - 6*h**2 - 5*h + 2. Let p be a(-5). Suppose p*x - 6*x - 6 = -5*w, -w - 3 = -5*x. Let f(l) = -l**2 - 1. Calculate f(w).
-5
Let m(c) = 3*c + c**2 + 2 + c**2 + c. Let b(z) = -z + 8. Let t be b(6). Suppose -3 = t*g - g. Calculate m(g).
8
Let r be -1 + (3 - (1 + 0)). Suppose -2*b + a = -17, 0 = -7*a + 2*a - 5. Let o(m) = m + 1 - b*m**2 - 2*m**2 - 1. What is o(r)?
-9
Let p = 344 + -336. Let d(t) = -2*t + 5. What is d(p)?
-11
Let m = -81 - -81. Let z(q) be the first derivative of q**2/2 - 10*q + 2. What is z(m)?
-10
Let l = 84 + -79. Let f(u) be the second derivative of u**4/12 - 2*u**3/3 + 2*u**2 + 17*u. What is f(l)?
9
Let m be 1 - (3 - (-3 + 8)) - 9. Let c(f) = -f**2 - 9*f - 4. Determine c(m).
14
Let q(u) 